{"id":47,"date":"2025-01-26T13:23:00","date_gmt":"2025-01-26T11:23:00","guid":{"rendered":"http:\/\/www.rtvry.fi\/?page_id=47"},"modified":"2026-04-15T07:34:07","modified_gmt":"2026-04-15T04:34:07","slug":"yhteystiedot","status":"publish","type":"page","link":"https:\/\/www.rtvry.fi\/?page_id=47","title":{"rendered":"Yhteystiedot"},"content":{"rendered":"\n<p><strong>RTV RY<br>Postiosoite: Kiuruvahe 3 A 10, 26100 Rauma<br><\/strong><br>Laskutusosoite: c\/o Tili- ja konsultointipalvelut Huotari, Vahverotie 16 H, 26100 Rauma<br>Verkkolaskuosoite: OVT 003706667869 operaattori: OKOYFIHH (Osuuspankki)<br><\/p>\n\n\n\n<p><strong>JOHTOKUNTA:<br><\/strong><\/p>\n\n\n\n<div class=\"wp-block-group is-layout-flow\"><div class=\"wp-block-group__inner-container\">\n<figure class=\"wp-block-table\"><table><tbody><tr><td>Puheenjohtaja<\/td><td>Pasi Siltanen<\/td><td>0400588993<\/td><td>psiltanen27(at)gmail.com<\/td><\/tr><tr><td>Varapuheenjohtaja<\/td><td>&nbsp;Pasi Heinonen<\/td><td>0400908212<\/td><td>phpasiheinonen(at)gmail.com<\/td><\/tr><tr><td>Sihteeri<\/td><td>Marko Eeva<\/td><td>0504003392<\/td><td>marko.eeva(at)gmail.com<\/td><\/tr><tr><td>Taloudenhoitaja<\/td><td>Tili- ja konsultointipalvelut Huotari<\/td><td>0447577400<\/td><td>rtvry.laskutus(at)outlook.com<\/td><\/tr><tr><td>Johtokunnan j\u00e4sen<\/td><td>Niko Ism\u00e4l\u00e4<\/td><td>0405240823<\/td><td><\/td><\/tr><tr><td>Johtokunnan j\u00e4sen<\/td><td>Kimmo Rosl\u00f6f<\/td><td>0405084057<\/td><td>kimmo.roslof(at)gmail.com<\/td><\/tr><tr><td>Johtokunnan j\u00e4sen<\/td><td>Jari Aaltonen<\/td><td>0408400271<\/td><td><\/td><\/tr><tr><td>Johtokunnan j\u00e4sen<\/td><td>Kari Lehtinen<\/td><td>0440722729<\/td><td><\/td><\/tr><tr><td>Johtokunnan j\u00e4sen<\/td><td>Pekka Valo<\/td><td>0509107000<\/td><td>pekka.valo(at)gmail.com<\/td><\/tr><tr><td>Johtokunnan j\u00e4sen<\/td><td>Marjo Merinen<\/td><td>0505377633<\/td><td><\/td><\/tr><tr><td>Johtokunnan j\u00e4sen<\/td><td>Ahti Vainio<\/td><td>0500810065<\/td><td>&nbsp;<\/td><\/tr><tr><td>Johtokunnan j\u00e4sen<\/td><td>Mari Vanne<\/td><td>0405198202<\/td><td>&nbsp;<\/td><\/tr><tr><td>Toiminnantarkastaja<\/td><td>Juhani V\u00e4li-Mattila<\/td><td>0400593538<\/td><td><\/td><\/tr><tr><td>Varatoiminnantark.<\/td><td>Harri Vanne<\/td><td><\/td><td><\/td><\/tr><\/tbody><\/table><\/figure>\n<\/div><\/div>\n\n\n\n<p><strong>JAOSTOT:<\/strong><\/p>\n\n\n\n<p class=\"has-normal-font-size\"><strong>Naisjaosto:<\/strong><br>Johanna Ism\u00e4l\u00e4<br>Hannele M\u00e4nnist\u00f6<br>Tuija Virtanen<br>Jaana Viitaniemi<br>Minna V\u00e4h\u00e4-Ettala<\/p>\n\n\n\n<p><strong>Nuorisojaosto:<\/strong><br>Mari Vanne<br>johtokunta vahvistaa my\u00f6hemmin muut j\u00e4senet<\/p>\n\n\n\n<p><strong>J\u00e4senkirjuri:<\/strong><br>Tili- ja Konsultointipalvelut Huotari, Jaana Huotari, rtvry.laskutus(at)outlook.com<\/p>\n\n\n\n<p><strong>Purjehdus- ja veneilyjaosto:<\/strong><br>Kimmo R\u00f6slof<br>Niko Ism\u00e4l\u00e4<br>Juha Mets\u00e4t\u00e4hti<br>Pasi Siltanen<br>Jari Sarronlahti<\/p>\n\n\n\n<p><strong>Retki- ja kuntojaosto:<\/strong><br>Niko Ism\u00e4l\u00e4<br>Uki Lilja<\/p>\n\n\n\n<p><strong>Ostoasiahenkil\u00f6:<\/strong><br>Hannele M\u00e4nnist\u00f6<\/p>\n\n\n\n<p><strong>Tiedotustoimikunta:<\/strong><br>Pasi Siltanen<br>Marko Eeva<br>Johanna Ism\u00e4l\u00e4<br>Jaana Huotari<\/p>\n\n\n\n<p><strong>Huvitoimikunta:<\/strong><br>Jari \u00c4ij\u00e4l\u00e4<br>Markku Haapanen<br>Juha Mets\u00e4t\u00e4hti<br>Ilkka Koivunen<br>Tiina Lehtola<br>Tero Lehtola<\/p>\n\n\n\n<p><strong>Lev\u00e4tystoimikunta:<\/strong><br>Niko Ism\u00e4l\u00e4 (saari-is\u00e4nt\u00e4) &#8211; 0405240823,<br>Markku Ranta<br>Tommi Salonen<br>Juuso Vahala<br>Olli Laihoniemi<br>Pekka Backman<br>Jouni Mets\u00e4joki<br>Jouko Isberg<\/p>\n\n\n\n<p><strong>Telakkatoimikunta:<\/strong><br>Juhani V\u00e4li-Mattila (Telakkamestari) &#8211; 0400593538<br>Pekka Rytk\u00f6nen<br>Pasi Heinonen<br>Markus M\u00e4kinen<br>Kari Saarinen<br>Jouko Siltanen<br>Susanna Okkonen<br>Jari Sarronlahti<br>Eero Vesanen<br>Olli Viljanen<br>Raimo Kaislimo<br>Niko Ism\u00e4l\u00e4<br>Kimmo Rosl\u00f6f<\/p>\n\n\n\n<p><strong>Nosturink\u00e4ytt\u00e4j\u00e4t:<\/strong><br>Hannu Kuittinen (0407047159)<br>Juha Heino (0400830317)<br>Pekka Lehtinen (0407359479)<br>Jyrki Nurmi (0445540024)<br>Vesa-Matti Virta (0400735768)<br>Timo Salmela (0405820821)<br>Timo Suikkari (0445917440)<\/p>\n\n\n\n<p><strong>Katsastushenkil\u00f6t:<\/strong><br>Pasi Siltanen (0400588993)<br>Jarmo Heininen (0405021909)<br>Petri Salminen (0503399600)<br>Visa Tyysk\u00e4 (0405824217)<br>Ilona Helske (0403547812)<br>Jari Aaltonen (0408400271)<\/p>\n\n\n\n<p><strong>TUL:n Satakunnan piirin:<\/strong><br>Veneilyjaosto 2022 &#8211; 2025 Pasi Siltanen, Kari Lehtinen, Tommi Salonen<br>Piirivaltuusto 2022 &#8211; 2025 Kari Lehtinen, varalla Pentti Nurmi<br>Piirikokousedustajat 2022 &#8211; 2025 Kari Lehtinen, Kimmo Rosl\u00f6f, Pasi Siltanen, Tommi Salonen<br>Veneilyn asiamies 2022 &#8211; 2025 Kari Lehtinen<\/p>\n\n\n\n<blockquote class=\"wp-block-quote\">\n<p>P\u00e4ivitetty 15.4.2026 Jaana<\/p>\n<\/blockquote>\n\n\n\n<p><\/p>\n","protected":false},"excerpt":{"rendered":"<p>RTV RYPostiosoite: Kiuruvahe 3 A 10, 26100 RaumaLaskutusosoite: c\/o Tili- ja konsultointipalvelut Huotari, Vahverotie 16 H, 26100 RaumaVerkkolaskuosoite: OVT 003706667869 operaattori: OKOYFIHH (Osuuspankki) JOHTOKUNTA: Puheenjohtaja Pasi Siltanen 0400588993 psiltanen27(at)gmail.com Varapuheenjohtaja &nbsp;Pasi Heinonen 0400908212 phpasiheinonen(at)gmail.com Sihteeri Marko Eeva 0504003392 marko.eeva(at)gmail.com Taloudenhoitaja Tili- ja konsultointipalvelut Huotari 0447577400 rtvry.laskutus(at)outlook.com Johtokunnan j\u00e4sen Niko Ism\u00e4l\u00e4 0405240823 Johtokunnan j\u00e4sen Kimmo Rosl\u00f6f &#8230; <a title=\"Yhteystiedot\" class=\"read-more\" href=\"https:\/\/www.rtvry.fi\/?page_id=47\">Lue lis\u00e4\u00e4<\/a><\/p>\n","protected":false},"author":1,"featured_media":0,"parent":14,"menu_order":0,"comment_status":"closed","ping_status":"closed","template":"","meta":{"generate_page_header":""},"_links":{"self":[{"href":"https:\/\/www.rtvry.fi\/index.php?rest_route=\/wp\/v2\/pages\/47"}],"collection":[{"href":"https:\/\/www.rtvry.fi\/index.php?rest_route=\/wp\/v2\/pages"}],"about":[{"href":"https:\/\/www.rtvry.fi\/index.php?rest_route=\/wp\/v2\/types\/page"}],"author":[{"embeddable":true,"href":"https:\/\/www.rtvry.fi\/index.php?rest_route=\/wp\/v2\/users\/1"}],"replies":[{"embeddable":true,"href":"https:\/\/www.rtvry.fi\/index.php?rest_route=%2Fwp%2Fv2%2Fcomments&post=47"}],"version-history":[{"count":58,"href":"https:\/\/www.rtvry.fi\/index.php?rest_route=\/wp\/v2\/pages\/47\/revisions"}],"predecessor-version":[{"id":1514,"href":"https:\/\/www.rtvry.fi\/index.php?rest_route=\/wp\/v2\/pages\/47\/revisions\/1514"}],"up":[{"embeddable":true,"href":"https:\/\/www.rtvry.fi\/index.php?rest_route=\/wp\/v2\/pages\/14"}],"wp:attachment":[{"href":"https:\/\/www.rtvry.fi\/index.php?rest_route=%2Fwp%2Fv2%2Fmedia&parent=47"}],"curies":[{"name":"wp","href":"https:\/\/api.w.org\/{rel}","templated":true}]}}